ommon factor of 564 and 840?
12
What is the highest common divisor of 230 and 805?
115
Calculate the highest common divisor of 354 and 11800.
118
What is the greatest common divisor of 1032 and 48?
24
What is the highest common divisor of 340 and 136?
68
Calculate the greatest common divisor of 544 and 3944.
136
What is the highest common factor of 94 and 11374?
94
What is the greatest common divisor of 10 and 40?
10
Calculate the greatest common factor of 238 and 21.
7
Calculate the highest common factor of 7084 and 132.
44
What is the greatest common factor of 209 and 66?
11
What is the greatest common factor of 560 and 35?
35
What is the greatest common divisor of 1872 and 12?
12
Calculate the highest common divisor of 13018 and 46.
46
Calculate the highest common factor of 23 and 713.
23
Calculate the highest common divisor of 731 and 85.
17
Calculate the greatest common divisor of 1715 and 3773.
343
What is the highest common divisor of 902 and 88?
22
Calculate the highest common divisor of 57 and 456.
57
What is the greatest common divisor of 525 and 189?
21
Calculate the greatest common divisor of 551 and 57.
19
Calculate the highest common factor of 4880 and 320.
80
What is the greatest common divisor of 1617 and 44?
11
What is the greatest common factor of 325 and 10?
5
Calculate the highest common factor of 1116 and 36.
36
Calculate the greatest common divisor of 26 and 6214.
26
Calculate the greatest common divisor of 328 and 16.
8
Calculate the greatest common factor of 14 and 2366.
14
What is the highest common divisor of 195 and 2145?
195
Calculate the greatest common factor of 2848 and 1157.
89
Calculate the highest common divisor of 104 and 117.
13
Calculate the greatest common factor of 198 and 4518.
18
What is the highest common divisor of 1653 and 57?
57
Calculate the highest common factor of 104 and 754.
26
What is the highest common divisor of 415 and 155?
5
What is the greatest common factor of 165 and 88?
11
Calculate the highest common factor of 8 and 34.
2
Calculate the greatest common divisor of 30 and 1875.
15
What is the greatest common factor of 150 and 650?
50
Calculate the greatest common factor of 52380 and 388.
388
Calculate the greatest common factor of 791 and 2147.
113
Calculate the highest common divisor of 7 and 3787.
7
Calculate the highest common factor of 12382 and 82.
82
What is the highest common divisor of 427 and 49?
7
What is the highest common factor of 52 and 416?
52
What is the highest common factor of 65 and 35?
5
What is the highest common factor of 2 and 3134?
2
Calculate the greatest common factor of 3 and 339.
3
What is the greatest common divisor of 1 and 163?
1
What is the greatest common divisor of 2388 and 408?
12
Calculate the highest common divisor of 2635 and 1705.
155
What is the highest common divisor of 215 and 1118?
43
Calculate the highest common divisor of 1375 and 11.
11
Calculate the greatest common factor of 132 and 17127.
33
What is the highest common divisor of 1776 and 1036?
148
Calculate the greatest common divisor of 5408 and 32.
32
Calculate the highest common divisor of 20 and 620.
20
What is the greatest common divisor of 66 and 121?
11
What is the greatest common divisor of 2584 and 136?
136
What is the greatest common divisor of 30 and 165?
15
Calculate the highest common factor of 352 and 132.
44
Calculate the highest common divisor of 187 and 11.
11
What is the greatest common factor of 2088 and 18?
18
Calculate the greatest common factor of 117 and 13.
13
Calculate the highest common factor of 221 and 374.
17
Calculate the highest common factor of 46 and 23.
23
What is the highest common factor of 85 and 6562?
17
What is the highest common divisor of 1001 and 585?
13
Calculate the highest common factor of 10292 and 830.
166
Calculate the highest common factor of 8 and 1944.
8
Calculate the highest common divisor of 3196 and 340.
68
What is the greatest common factor of 1953 and 4991?
217
What is the greatest common factor of 182 and 4550?
182
What is the highest common factor of 88 and 2448?
8
What is the greatest common divisor of 6 and 1?
1
Calculate the greatest common divisor of 481 and 111.
37
What is the greatest common factor of 690 and 20930?
230
Calculate the greatest common divisor of 48 and 23136.
48
What is the greatest common divisor of 5280 and 33?
33
What is the highest common factor of 2366 and 42?
14
What is the highest common factor of 22705 and 190?
95
Calculate the greatest common factor of 495 and 55.
55
What is the highest common factor of 4137 and 189?
21
Calculate the greatest common factor of 3 and 16347.
3
Calculate the highest common divisor of 195 and 885.
15
What is the greatest common divisor of 49 and 21?
7
Calculate the greatest common divisor of 2 and 158.
2
Calculate the greatest common factor of 204 and 357.
51
What is the greatest common divisor of 102 and 138?
6
What is the highest common factor of 6 and 53598?
6
What is the greatest common factor of 550 and 22?
22
What is the greatest common divisor of 7912 and 16?
8
What is the highest common factor of 6 and 138?
6
Calculate the greatest common factor of 2088 and 72.
72
Calculate the greatest common divisor of 1403 and 46.
23
Calculate the greatest common factor of 40 and 2460.
20
Calculate the greatest common divisor of 396 and 9702.
198
Calculate the highest common divisor of 1633 and 92.
23
What is the highest common divisor of 11 and 19?
1
What is the greatest common divisor of 1539 and 76?
19
What is the highest common factor of 36 and 13734?
18
What is the highest common divisor of 703 and 589?
19
Calculate the greatest common divisor of 39843 and 19.
19
Calculate the greatest common divisor of 29 and 2291.
29
What is the greatest common divisor of 36 and 708?
12
Calculate the greatest common factor of 1 and 67.
1
What is the greatest common divisor of 10320 and 160?
80
What is the greatest common divisor of 34 and 17?
17
What is the highest common factor of 65 and 35?
5
Calculate the highest common divisor of 12300 and 150.
150
Calculate the highest common factor of 187 and 204.
17
What is the greatest common divisor of 201 and 3?
3
What is the highest common divisor of 38 and 3154?
38
What is the greatest common divisor of 2223 and 684?
171
Calculate the highest common divisor of 6 and 453.
3
Calculate the greatest common divisor of 22 and 682.
22
Calculate the greatest common divisor of 21500 and 75.
25
Calculate the highest common factor of 156 and 273.
39
What is the greatest common divisor of 4 and 1?
1
What is the highest common divisor of 44 and 1100?
44
What is the greatest common factor of 9 and 5823?
9
Calculate the greatest common divisor of 74 and 2.
2
Calculate the highest common factor of 10 and 245.
5
What is the greatest common divisor of 34 and 17?
17
Calculate the highest common divisor of 6125 and 175.
175
Calculate the highest common factor of 93 and 42.
3
Calculate the highest common factor of 57 and 3667.
19
Calculate the greatest common divisor of 385 and 935.
55
What is the greatest common divisor of 28104 and 72?
24
Calculate the greatest common divisor of 650 and 52.
26
Calculate the highest common factor of 8 and 8.
8
What is the greatest common factor of 740 and 16?
4
What is the greatest common factor of 3483 and 2025?
81
What is the highest common factor of 42 and 1050?
42
What is the highest common divisor of 420 and 3024?
84
What is the highest common factor of 782 and 102?
34
Calculate the highest common divisor of 434 and 682.
62
What is the greatest common factor of 33054 and 14?
14
What is the greatest common factor of 216 and 33912?
216
What is the greatest common divisor of 4893 and 63?
21
Calculate the highest common factor of 42 and 852.
6
Calculate the highest common divisor of 1478 and 4.
2
What is the highest common factor of 351 and 39?
39
What is the greatest common factor of 7224 and 645?
129
Calculate the greatest common factor of 17 and 2363.
17
Calculate the greatest common divisor of 93 and 14818.
31
Calculate the greatest common divisor of 161 and 92.
23
What is the highest common divisor of 8229 and 13?
13
Calculate the greatest common divisor of 17610 and 30.
30
Calculate the highest common divisor of 45 and 9